NOAA-Style Climate Reports


Report for 2019 December
                   MONTHLY CLIMATOLOGICAL SUMMARY for Dec 2019


NAME: Barangay #60 Caloocan City PIMOHWEATHER Philippines                  
ELEV: 45 meters    LAT: 14-38.97 N    LONG: 120-58.67 E


                   TEMPERATURE (C), RAIN (mm), WIND SPEED (km/h)

                                         HEAT   COOL         AVG
      MEAN                               DEG    DEG          WIND                   DOM
DAY   TEMP   HIGH   TIME    LOW   TIME   DAYS   DAYS   RAIN  SPEED   HIGH   TIME    DIR
---------------------------------------------------------------------------------------
 01   27.3   30.7  13:01   23.6  04:58    0.0    9.0    0.0    8.0   40.3  09:37      8
 02   26.8   29.7  13:25   23.8  03:42    0.0    8.5    0.0    9.4   36.4  13:25    347
 03   24.5   27.2  23:50   22.5  17:56    0.0    6.2   54.4   11.7   52.6  09:25    346
 04   29.5   33.5  13:15   26.4  06:05    0.0   11.2    0.0    5.6   40.3  10:18    114
 05   28.0   31.3  12:44   25.7  14:57    0.0    9.7    3.8    3.3   28.1  13:36    345
 06   28.3   32.6  15:04   25.2  05:57    0.0    9.9    0.0    4.0   32.4  22:44    319
 07   27.7   31.8  15:10   24.7  06:24    0.0    9.4    0.0    6.2   28.1  01:31    342
 08   27.4   31.7  13:00   24.6  06:18    0.0    9.1    0.0    7.0   40.3  11:04      8
 09   27.2   31.2  13:44   23.8  06:18    0.0    8.8    0.0    6.1   36.4  14:22      8
 10   27.1   31.0  14:02   24.2  05:34    0.0    8.8    0.0    3.8   24.1  15:38      1
 11   25.2   25.8  00:00   24.7  02:05    0.0    6.9    0.0    2.4   12.2  00:54    335
 12
 13
 14
 15
 16
 17
 18
 19
 20
 21
 22
 23
 24
 25
 26
 27
 28
 29
 30
 31
---------------------------------------------------------------------------------------
      27.4   33.5     04   22.5     03    0.0   97.5   58.2    6.5   52.6     03    359