NOAA-Style Climate Reports


Report for 2021 September
                   MONTHLY CLIMATOLOGICAL SUMMARY for Sep 2021


NAME: Barangay #60 Caloocan City PIMOHWEATHER Philippines                  
ELEV: 45 meters    LAT: 14-38.97 N    LONG: 120-58.67 E


                   TEMPERATURE (C), RAIN (mm), WIND SPEED (km/h)

                                         HEAT   COOL         AVG
      MEAN                               DEG    DEG          WIND                   DOM
DAY   TEMP   HIGH   TIME    LOW   TIME   DAYS   DAYS   RAIN  SPEED   HIGH   TIME    DIR
---------------------------------------------------------------------------------------
 01   28.0   32.1  14:22   25.8  22:05    0.0    9.7   13.5    4.1   64.4  15:49    260
 02   28.3   32.8  14:50   25.6  05:24    0.0   10.0    0.0    5.0   52.6  14:52    316
 03   28.4   33.1  13:17   23.5  23:12    0.0   10.1  119.9    6.7   60.5  16:26    323
 04   28.5   32.5  14:22   24.2  00:00    0.0   10.2    3.0    6.6   64.4  14:48    226
 05   29.1   33.7  12:39   26.7  06:08    0.0   10.7   15.2    4.4   48.2  13:59    288
 06   28.2   33.0  13:19   26.0  04:04    0.0    9.9    1.5    3.5   44.3  13:31    345
 07   27.4   30.5  15:44   25.2  05:05    0.0    9.1    4.3    3.4   36.4  16:30     17
 08   24.6   25.4  00:37   24.1  06:13    0.0    6.2  161.5    7.9   60.5  14:09      7
 09   28.5   32.2  11:45   24.8  00:00    0.0   10.2    0.0    7.5   76.7  15:26    221
 10   28.0   30.8  10:47   26.1  19:33    0.0    9.7    3.0   12.0   84.6  10:50    215
 11   26.0   29.1  14:04   24.5  02:57    0.0    7.7  107.4    9.3   76.7  00:30    219
 12   26.5   30.4  08:46   24.8  00:00    0.0    8.2    7.9    2.4   64.4  10:58    226
 13   28.8   33.5  14:45   25.2  05:30    0.0   10.5    0.0    2.8   44.3  14:14    266
 14   28.8   33.6  14:56   26.2  05:54    0.0   10.5   10.4    3.5   36.4  11:16    339
 15   28.6   33.6  13:05   25.8  14:27    0.0   10.3   29.0    2.3   44.3  13:20    289
 16   28.2   32.5  11:50   25.4  13:26    0.0    9.9   34.5    2.4   36.4  10:11    349
 17   28.1   32.4  14:40   24.5  03:11    0.0    9.7   17.3    3.3   44.3  13:42    319
 18   28.7   33.0  14:21   26.4  05:45    0.0   10.4    0.0    3.0   40.3  11:32    348
 19   27.5   27.5  00:00   27.5  00:00    0.0    9.2    0.0    0.2    4.0  00:02     56
 20
 21
 22
 23
 24
 25
 26
 27
 28
 29
 30
---------------------------------------------------------------------------------------
      27.9   33.7     05   23.5     03    0.0  181.9  528.6    5.0   84.6     10    265