NOAA-Style Climate Reports

Select a Year or Month report
2020: Jan Feb Mar Apr May Jun Jul Aug Sep Oct Nov Dec
2019: Jan Feb Mar Apr May Jun Jul Aug Sep Oct Nov Dec
2018: Jan Feb Mar Apr May Jun Jul Aug Sep Oct Nov Dec
2017: Jan Feb Mar Apr May Jun Jul Aug Sep Oct Nov Dec

Report for 2020 January
                   MONTHLY CLIMATOLOGICAL SUMMARY for Jan 2020


NAME: Barangay #60 Caloocan City PIMOHWEATHER Philippines                  
ELEV: 45 meters    LAT: 14-38.97 N    LONG: 120-58.67 E


                   TEMPERATURE (C), RAIN (mm), WIND SPEED (km/h)

                                         HEAT   COOL         AVG
      MEAN                               DEG    DEG          WIND                   DOM
DAY   TEMP   HIGH   TIME    LOW   TIME   DAYS   DAYS   RAIN  SPEED   HIGH   TIME    DIR
---------------------------------------------------------------------------------------
 01   27.3   29.9  12:10   25.2  05:16    0.0    9.0    0.0    9.9   48.2  12:12     10
 02   27.5   31.1  15:12   24.5  06:25    0.0    9.2    0.0    6.6   44.3  15:28     15
 03   27.7   32.2  13:03   24.8  23:53    0.0    9.3    0.0    5.5   40.3  10:21     13
 04   26.7   31.1  13:53   22.2  05:45    0.0    8.3    0.0    6.9   36.4  17:23      4
 05   27.3   30.9  14:41   24.3  04:33    0.0    9.0    0.0    8.0   44.3  10:06     18
 06   28.2   31.8  11:28   25.8  06:26    0.0    9.9    0.0    4.9   40.3  17:03     17
 07   27.8   32.6  11:40   23.8  05:52    0.0    9.5    2.0    4.0   24.1  08:45      5
 08   27.2   31.1  14:30   24.4  06:06    0.0    8.9    0.3    4.5   28.1  13:36     14
 09   27.4   31.5  13:27   24.7  06:25    0.0    9.1    0.0    3.2   24.1  15:29      7
 10   26.8   30.3  15:06   24.4  03:46    0.0    8.5    0.0    3.1   32.4  12:12      0
 11   27.5   32.5  11:49   23.4  06:48    0.0    9.2    0.0    3.2   24.1  10:57      8
 12   27.5   30.8  16:20   24.0  06:31    0.0    9.1    0.0    2.8   28.1  15:08    330
 13   27.2   30.0  12:31   25.3  04:31    0.0    8.9    0.0    3.1   24.1  09:13     93
 14   27.3   30.3  11:53   24.7  04:54    0.0    9.0    0.0    3.5   32.4  16:15     10
 15   27.1   31.0  13:46   24.5  06:27    0.0    8.8    0.0    2.6   24.1  16:43      1
 16   27.7   31.8  14:24   23.8  06:34    0.0    9.3    0.0    3.6   28.1  12:02    354
 17   28.0   31.8  11:04   24.3  06:39    0.0    9.7    0.0    4.8   28.1  23:24    349
 18   27.4   31.5  12:54   24.7  03:50    0.0    9.0    0.0    4.1   20.2  00:06    357
 19   27.1   30.3  12:12   24.0  06:24    0.0    8.8    0.0    2.4   20.2  15:59      4
 20   26.7   30.7  14:41   23.7  05:33    0.0    8.4    0.0    2.4   20.2  15:13    188
 21   27.0   32.1  14:32   23.6  06:22    0.0    8.6    0.0    3.1   32.4  15:40     80
 22   25.8   32.2  12:55   22.5  04:06    0.0    7.5    0.0    3.4   28.1  12:39     40
 23
 24
 25
 26
 27
 28
 29
 30
 31
---------------------------------------------------------------------------------------
      27.3   32.6     07   22.2     04    0.0  196.9    2.3    4.4   48.2     01     11