NOAA-Style Climate Reports

Select a Year or Month report
2021: Jan Feb Mar Apr May Jun Jul Aug Sep Oct Nov Dec
2020: Jan Feb Mar Apr May Jun Jul Aug Sep Oct Nov Dec
2019: Jan Feb Mar Apr May Jun Jul Aug Sep Oct Nov Dec
2018: Jan Feb Mar Apr May Jun Jul Aug Sep Oct Nov Dec
2017: Jan Feb Mar Apr May Jun Jul Aug Sep Oct Nov Dec

Report for 2021 January
                   MONTHLY CLIMATOLOGICAL SUMMARY for Jan 2021


NAME: Barangay #60 Caloocan City PIMOHWEATHER Philippines                  
ELEV: 45 meters    LAT: 14-38.97 N    LONG: 120-58.67 E


                   TEMPERATURE (C), RAIN (mm), WIND SPEED (km/h)

                                         HEAT   COOL         AVG
      MEAN                               DEG    DEG          WIND                   DOM
DAY   TEMP   HIGH   TIME    LOW   TIME   DAYS   DAYS   RAIN  SPEED   HIGH   TIME    DIR
---------------------------------------------------------------------------------------
 01   25.7   28.4  11:48   23.9  01:10    0.0    7.4    0.0    7.8   40.3  14:04     10
 02   26.6   30.7  13:34   23.3  05:33    0.0    8.3    0.0    9.9   76.7  11:48     17
 03   25.0   28.5  09:25   23.7  14:36    0.0    6.6   56.1    4.2   48.2  09:26     12
 04   27.2   32.3  13:31   23.7  02:46    0.0    8.9    0.0    4.9   48.2  12:13     27
 05   27.1   30.2  12:09   25.1  05:50    0.0    8.7    1.5    2.5   32.4  08:38      5
 06   27.5   31.9  14:05   24.2  05:07    0.0    9.1    0.0    3.9   40.3  13:20     13
 07   27.0   29.9  13:41   24.8  05:51    0.0    8.7    0.0    4.3   32.4  11:38     19
 08   27.3   30.4  13:13   24.6  07:01    0.0    8.9    0.0    7.1   48.2  14:51     12
 09   26.8   30.5  13:17   24.7  06:06    0.0    8.5    0.0   10.4   64.4  12:09     12
 10   26.2   29.4  12:15   24.3  06:34    0.0    7.9    0.0    9.2   80.6  14:37     24
 11   26.0   29.1  13:04   23.6  05:45    0.0    7.7    0.0    6.3   60.5  09:20     34
 12   25.9   29.4  14:10   23.5  04:18    0.0    7.5    0.0    6.5   48.2  13:38     14
 13   25.7   28.6  13:57   23.3  04:46    0.0    7.3    0.0    4.9   32.4  13:39    322
 14   27.1   30.4  13:03   23.7  05:45    0.0    8.8    0.0    4.4   36.4  13:11     11
 15   27.8   30.6  15:11   25.5  06:28    0.0    9.4    0.0    5.5   48.2  09:19     20
 16   27.2   29.6  11:32   25.2  03:58    0.0    8.9    0.0    4.4   44.3  13:42    318
 17   27.0   30.5  14:10   25.0  20:17    0.0    8.6    1.0    7.3   52.6  16:05     16
 18   27.6   30.3  13:29   25.2  06:18    0.0    9.3    0.0   12.6   56.5  10:09     19
 19   27.0   29.7  14:38   25.5  22:55    0.0    8.7    0.0    8.1   60.5  15:41     13
 20   25.6   28.6  16:54   24.0  22:10    0.0    7.3   76.7    6.0   36.4  09:25      6
 21   27.0   29.7  13:38   23.9  00:14    0.0    8.6    7.6    2.8   28.1  12:03    348
 22   28.0   32.1  14:57   25.7  04:48    0.0    9.6    0.5    2.8   32.4  14:10    307
 23   27.3   30.2  12:49   24.1  03:39    0.0    8.9   12.7    5.1   64.4  01:42    235
 24   27.4   30.7  13:28   25.4  17:13    0.0    9.1   24.6    2.9   48.2  14:33    350
 25   27.4   29.8  15:39   25.4  06:32    0.0    9.0    0.0    3.1   24.1  10:13    316
 26   27.1   29.8  14:31   24.3  05:58    0.0    8.7    0.0    4.0   44.3  11:52    322
 27   26.4   29.6  13:19   24.8  20:47    0.0    8.1   10.7    3.4   44.3  15:19    322
 28   25.2   25.2  00:00   25.2  00:00    0.0    6.9    0.0    2.9   12.2  00:15    346
 29
 30
 31
---------------------------------------------------------------------------------------
      26.8   32.3     04   23.3     02    0.0  235.5  191.5    5.7   80.6     10     10