NOAA-Style Climate Reports

Select a Year or Month report
2021: Jan Feb Mar Apr May Jun Jul Aug Sep Oct Nov Dec
2020: Jan Feb Mar Apr May Jun Jul Aug Sep Oct Nov Dec
2019: Jan Feb Mar Apr May Jun Jul Aug Sep Oct Nov Dec
2018: Jan Feb Mar Apr May Jun Jul Aug Sep Oct Nov Dec
2017: Jan Feb Mar Apr May Jun Jul Aug Sep Oct Nov Dec

Report for 2021 June
                   MONTHLY CLIMATOLOGICAL SUMMARY for Jun 2021


NAME: Barangay #60 Caloocan City PIMOHWEATHER Philippines                  
ELEV: 45 meters    LAT: 14-38.97 N    LONG: 120-58.67 E


                   TEMPERATURE (C), RAIN (mm), WIND SPEED (km/h)

                                         HEAT   COOL         AVG
      MEAN                               DEG    DEG          WIND                   DOM
DAY   TEMP   HIGH   TIME    LOW   TIME   DAYS   DAYS   RAIN  SPEED   HIGH   TIME    DIR
---------------------------------------------------------------------------------------
 01   32.3   36.4  15:44   28.8  01:31    0.0   13.9    0.8    8.9   48.2  21:26    285
 02   28.0   30.0  00:00   25.7  13:55    0.0    9.7   45.2    9.2   52.6  20:33     11
 03   28.7   31.7  12:13   25.6  01:42    0.0   10.4   13.2   14.8   68.4  13:04    221
 04   29.4   32.9  13:47   27.0  15:59    0.0   11.0    6.3   10.7   68.4  13:01    224
 05   30.4   33.4  13:33   27.7  04:11    0.0   12.0    0.0   12.3   76.7  14:50    222
 06   30.1   33.1  12:17   26.8  02:56    0.0   11.7    4.6   10.6   52.6  04:20    239
 07   30.0   34.0  11:56   27.5  21:25    0.0   11.7    0.0   11.6   88.6  16:03    219
 08   28.2   31.4  12:13   26.6  15:21    0.0    9.9    3.3    4.6   76.7  13:08    265
 09   27.5   29.6  14:49   25.3  22:25    0.0    9.1   12.7    5.7   60.5  18:08    234
 10   29.1   34.4  13:51   25.2  21:34    0.0   10.7   15.7    7.6   72.7  14:32    220
 11   28.3   33.0  11:01   25.9  00:00    0.0   10.0    2.0    3.6   48.2  11:16    228
 12   29.0   33.6  12:00   26.5  05:47    0.0   10.7    5.1    2.2   48.2  12:38    337
 13   28.8   32.4  12:57   26.1  04:11    0.0   10.5    0.0    5.7   56.5  13:51    237
 14   29.3   32.2  13:17   25.2  05:16    0.0   10.9    0.5   13.9   72.7  14:29    225
 15   29.9   32.7  15:38   27.1  05:17    0.0   11.6    0.0   12.1   72.7  13:42    227
 16   30.7   34.0  13:54   28.4  05:07    0.0   12.3    0.0   10.3   60.5  15:56    226
 17   29.0   30.2  07:01   28.6  05:26    0.0   10.7    0.0    1.5   20.2  00:02    238
 18
 19
 20
 21
 22
 23
 24
 25
 26
 27
 28
 29
 30
---------------------------------------------------------------------------------------
      29.3   36.4     01   25.2     10    0.0  186.9  109.5    8.9   88.6     07    231