NOAA-Style Climate Reports


Report for 2022 September
                   MONTHLY CLIMATOLOGICAL SUMMARY for Sep 2022


NAME: Barangay #60 Caloocan City PIMOHWEATHER Philippines                  
ELEV: 45 meters    LAT: 14-38.97 N    LONG: 120-58.67 E


                   TEMPERATURE (C), RAIN (mm), WIND SPEED (km/h)

                                         HEAT   COOL         AVG
      MEAN                               DEG    DEG          WIND                   DOM
DAY   TEMP   HIGH   TIME    LOW   TIME   DAYS   DAYS   RAIN  SPEED   HIGH   TIME    DIR
---------------------------------------------------------------------------------------
 01   28.6   30.7  11:12   26.3  05:11    0.0   10.3    0.0   15.6   96.8  14:19    207
 02   27.9   31.1  11:36   25.1  22:30    0.0    9.5   11.2   18.4   96.8  12:05    210
 03   25.8   29.0  10:07   24.4  12:42    0.0    7.5   78.7    8.8  113.0  16:03    205
 04   27.3   30.5  12:22   24.9  00:00    0.0    9.0   29.5   11.0   96.8  14:32    208
 05   29.1   32.2  12:26   26.6  05:40    0.0   10.7    0.0   11.9   68.4  16:36    206
 06   28.5   32.7  12:31   25.8  16:35    0.0   10.2   35.8    3.7   52.6  15:17    327
 07   29.8   33.7  15:40   26.2  03:44    0.0   11.4    0.3    4.5   36.4  11:04    354
 08   30.0   34.6  14:07   26.9  04:13    0.0   11.7    4.8    5.8   52.6  14:29    233
 09   29.1   32.5  12:00   27.0  04:22    0.0   10.8    0.5    7.6   64.4  14:47    208
 10   27.2   29.9  08:38   25.5  01:28    0.0    8.9   19.8    6.6   92.9  11:45    203
 11   28.8   31.2  11:16   26.3  05:03    0.0   10.5    0.0   13.7   72.7  17:19    207
 12   29.5   32.1  12:10   27.1  05:40    0.0   11.1    0.0   13.0   76.7  13:11    217
 13   29.7   32.2  11:30   27.6  06:18    0.0   11.4    0.0   12.7   68.4  17:11    221
 14   28.7   31.5  12:23   26.6  21:10    0.0   10.3    0.5   13.2   76.7  10:11    206
 15   26.8   28.9  04:41   26.6  03:56    0.0    8.5    0.0    2.0   52.6  04:52    176
 16   28.2   28.7  18:04   27.6  23:33    0.0    9.9    0.0   16.8   64.4  18:11    205
 17   27.8   31.2  14:12   24.5  03:04    0.0    9.5   37.8   13.2   76.7  16:04    209
 18   28.5   31.9  13:09   25.7  23:51    0.0   10.2    4.8   13.8   88.6  13:18    204
 19   26.0   27.7  08:45   25.2  20:16    0.0    7.6   49.5    5.7   56.5  13:55    204
 20   26.8   29.0  11:05   25.6  17:15    0.0    8.4    2.3    6.6   80.6  15:54    200
 21   28.2   31.4  12:49   25.3  05:34    0.0    9.8    0.0   10.4   68.4  14:40    209
 22   27.5   30.8  10:25   24.7  21:43    0.0    9.2   80.8    8.8   60.5  21:21    207
 23   27.5   31.9  12:06   24.8  00:49    0.0    9.1    8.1    7.2   72.7  13:12    213
 24   28.4   31.5  14:55   25.2  05:32    0.0   10.1    0.0    5.0   44.3  11:08    261
 25   27.1   28.4  00:00   25.0  22:39    0.0    8.8   57.7   14.2  137.2  20:43    216
 26   27.1   34.2  12:27   23.4  02:47    0.0    8.8   72.1    7.4   84.6  13:24    200
 27   28.5   34.3  12:56   25.4  18:10    0.0   10.2   94.7    4.3   60.5  14:26    187
 28   28.1   32.7  12:45   24.7  19:31    0.0    9.8    6.3    8.2   76.7  15:15    205
 29
 30
---------------------------------------------------------------------------------------
      28.1   34.6     08   23.4     26    0.0  273.0  595.4    9.7  137.2     25    209