NOAA-Style Climate Reports


Report for 2024 April
                   MONTHLY CLIMATOLOGICAL SUMMARY for Apr 2024


NAME: Barangay #60 Caloocan City PIMOHWEATHER Philippines                  
ELEV: 45 meters    LAT: 14-38.97 N    LONG: 120-58.67 E


                   TEMPERATURE (C), RAIN (mm), WIND SPEED (km/h)

                                         HEAT   COOL         AVG
      MEAN                               DEG    DEG          WIND                   DOM
DAY   TEMP   HIGH   TIME    LOW   TIME   DAYS   DAYS   RAIN  SPEED   HIGH   TIME    DIR
---------------------------------------------------------------------------------------
 01   31.0   35.0  16:48   27.1  03:38    0.0   12.6    0.0    5.6   48.2  12:23     19
 02   31.5   36.5  13:50   26.9  06:06    0.0   13.1    0.0    5.2   48.2  14:27    110
 03   30.4   34.5  15:16   26.3  06:06    0.0   12.0    0.0    6.2   48.2  12:29     25
 04   30.6   34.1  15:05   27.1  06:09    0.0   12.3    0.0    5.4   52.6  10:13     26
 05   30.8   35.4  15:33   26.7  05:59    0.0   12.5    0.0    6.3   56.5  09:50     88
 06   29.7   32.9  12:55   27.3  05:08    0.0   11.4    0.3    4.5   56.5  13:01     37
 07   30.9   35.3  15:18   26.3  05:54    0.0   12.6    0.0    4.4   60.5  10:52     90
 08   30.8   35.7  15:19   27.0  04:22    0.0   12.5    0.0    5.3   60.5  09:24    176
 09   30.7   35.5  15:45   26.4  04:59    0.0   12.4    0.0    5.9   44.3  10:55    191
 10   30.9   34.7  15:27   27.6  05:46    0.0   12.6    0.0    5.9   68.4  11:06     91
 11   31.0   34.9  13:36   27.5  05:13    0.0   12.7    0.0    5.2   44.3  08:11     72
 12   31.3   36.1  15:52   27.5  04:46    0.0   13.0    0.0    5.5   56.5  11:10    157
 13   31.2   36.3  15:05   27.0  05:30    0.0   12.8    0.0    4.6   52.6  14:50     40
 14   31.5   36.5  14:34   27.8  05:22    0.0   13.2    0.0    6.0   76.7  12:47     53
 15   31.7   36.1  14:42   28.1  05:37    0.0   13.3    0.0    7.2   64.4  13:09    203
 16   31.4   35.5  15:06   27.3  05:49    0.0   13.1    0.0    6.4   60.5  11:31    180
 17   31.2   36.2  15:12   27.1  05:29    0.0   12.8    0.0    6.5   56.5  11:12    190
 18   31.1   36.2  16:19   27.4  05:36    0.0   12.7    0.0    7.4   52.6  16:57    204
 19   32.2   36.4  14:06   28.7  05:34    0.0   13.9    0.0    4.6   52.6  15:34    162
 20   29.7   33.1  09:07   28.2  05:41    0.0   11.3    0.0    3.2   36.4  08:17     79
 21
 22
 23
 24
 25
 26
 27
 28
 29
 30
---------------------------------------------------------------------------------------
      31.0   36.5     02   26.3     03    0.0  253.0    0.3    5.6   76.7     14    102