NOAA-Style Climate Reports

Select a Year or Month report
2023: Jan Feb Mar Apr May Jun Jul Aug Sep Oct Nov Dec
2022: Jan Feb Mar Apr May Jun Jul Aug Sep Oct Nov Dec
2021: Jan Feb Mar Apr May Jun Jul Aug Sep Oct Nov Dec
2020: Jan Feb Mar Apr May Jun Jul Aug Sep Oct Nov Dec
2019: Jan Feb Mar Apr May Jun Jul Aug Sep Oct Nov Dec
2018: Jan Feb Mar Apr May Jun Jul Aug Sep Oct Nov Dec
2017: Jan Feb Mar Apr May Jun Jul Aug Sep Oct Nov Dec

Report for 2023 January
                   MONTHLY CLIMATOLOGICAL SUMMARY for Jan 2023


NAME: Barangay #60 Caloocan City PIMOHWEATHER Philippines                  
ELEV: 45 meters    LAT: 14-38.97 N    LONG: 120-58.67 E


                   TEMPERATURE (C), RAIN (mm), WIND SPEED (km/h)

                                         HEAT   COOL         AVG
      MEAN                               DEG    DEG          WIND                   DOM
DAY   TEMP   HIGH   TIME    LOW   TIME   DAYS   DAYS   RAIN  SPEED   HIGH   TIME    DIR
---------------------------------------------------------------------------------------
 01
 02
 03
 04
 05
 06
 07
 08
 09
 10
 11
 12
 13   28.0   30.9  13:21   25.8  23:52    0.0    9.7    0.0    5.4   44.3  13:36    201
 14   26.3   30.1  12:22   23.1  07:12    0.0    8.0    0.5    4.4   36.4  13:04      4
 15   26.2   30.6  14:15   24.1  00:43    0.0    7.8   21.3    4.9   40.3  13:56     13
 16   26.5   30.2  15:28   23.7  06:30    0.0    8.1   11.7    4.9   48.2  11:09     29
 17   27.2   30.2  13:08   25.4  00:44    0.0    8.9    0.0    5.5   52.6  12:40     24
 18   26.8   29.0  11:42   25.4  01:08    0.0    8.5    0.0    6.6   60.5  16:29     12
 19   27.3   30.2  14:16   25.4  01:55    0.0    8.9    0.0    6.5   64.4  15:04     25
 20   26.9   30.4  14:02   24.9  06:45    0.0    8.6    0.0    7.0   52.6  13:52     17
 21   26.6   29.8  11:16   24.7  03:36    0.0    8.3    0.8    5.8   52.6  12:24     19
 22   26.8   31.0  13:40   24.3  05:05    0.0    8.5    0.0    5.6   52.6  12:52     22
 23   27.9   33.0  15:18   24.2  06:48    0.0    9.5    0.0    4.3   36.4  13:09     40
 24   27.7   32.2  12:59   24.5  06:40    0.0    9.4    0.0    7.2   56.5  15:24     33
 25   26.9   30.2  12:15   24.1  23:52    0.0    8.6    0.0   10.7   84.6  10:45     47
 26   26.2   30.5  13:20   22.6  06:14    0.0    7.9    0.0    5.3   48.2  15:57     17
 27   25.7   28.7  11:48   24.0  04:49    0.0    7.3    0.0    8.8   44.3  12:58      5
 28
 29
 30
 31
---------------------------------------------------------------------------------------
      26.9   33.0     23   22.6     26    0.0  127.9   34.3    6.1   84.6     25     24